{"id":64,"date":"2014-01-21T21:47:36","date_gmt":"2014-01-21T20:47:36","guid":{"rendered":"http:\/\/dev.rosevo.se\/?page_id=64"},"modified":"2024-10-08T16:56:34","modified_gmt":"2024-10-08T14:56:34","slug":"tjanster-privatpersoner","status":"publish","type":"page","link":"https:\/\/www.rosevo.se\/?page_id=64","title":{"rendered":"Personlig utveckling"},"content":{"rendered":"<h4><strong>N\u00e4r vi arbetar med st\u00f6d f\u00f6r personlig utveckling till\u00e4mpar vi v\u00e5rt eget koncept\/program som vi kallar VDL (V\u00e4lj din livskvalitet)<\/strong><\/h4>\n<p>Grundbultar f\u00f6r programmet:<\/p>\n<ul>\n<li>Det \u00e4r bara du som kan avg\u00f6ra din livskvalitet<\/li>\n<li>Du b\u00f6r vara kapten p\u00e5 livets skuta<\/li>\n<li>Tidsbegreppen: D\u00e5tid, Nutid, Framtid<\/li>\n<li>Medvetna och omedvetna tankar och k\u00e4nslor<\/li>\n<li>Goda och d\u00e5liga tankar och k\u00e4nslor<\/li>\n<li>Medvetet och omedvetet beteende<\/li>\n<li>Goda och d\u00e5liga beteenden<\/li>\n<li>Livsv\u00e4rderingar och livsm\u00e5l<\/li>\n<li>Livsperspektiv<\/li>\n<li>Skapa ditt styrkort f\u00f6r livet<\/li>\n<li>Planera din framtid f\u00f6r ett rikt liv i nutid<\/li>\n<\/ul>\n<p>&nbsp;<\/p>\n<p><a href=\"http:\/\/www.rosevo.se\/\">\u00c5TER TILL MENY<\/a><\/p>\n<p>&nbsp;<\/p>\n","protected":false},"excerpt":{"rendered":"<p>N\u00e4r vi arbetar med st\u00f6d f\u00f6r personlig utveckling till\u00e4mpar vi v\u00e5rt eget koncept\/program som vi kallar VDL (V\u00e4lj din livskvalitet) Grundbultar f\u00f6r programmet: Det \u00e4r bara du som kan avg\u00f6ra din livskvalitet Du b\u00f6r vara kapten p\u00e5 livets skuta Tidsbegreppen: &hellip; <a href=\"https:\/\/www.rosevo.se\/?page_id=64\">Forts\u00e4tt l\u00e4sa <span class=\"meta-nav\">&rarr;<\/span><\/a><\/p>\n","protected":false},"author":1,"featured_media":0,"parent":0,"menu_order":4,"comment_status":"closed","ping_status":"closed","template":"","meta":{"footnotes":""},"class_list":["post-64","page","type-page","status-publish","hentry"],"_links":{"self":[{"href":"https:\/\/www.rosevo.se\/index.php?rest_route=\/wp\/v2\/pages\/64","targetHints":{"allow":["GET"]}}],"collection":[{"href":"https:\/\/www.rosevo.se\/index.php?rest_route=\/wp\/v2\/pages"}],"about":[{"href":"https:\/\/www.rosevo.se\/index.php?rest_route=\/wp\/v2\/types\/page"}],"author":[{"embeddable":true,"href":"https:\/\/www.rosevo.se\/index.php?rest_route=\/wp\/v2\/users\/1"}],"replies":[{"embeddable":true,"href":"https:\/\/www.rosevo.se\/index.php?rest_route=%2Fwp%2Fv2%2Fcomments&post=64"}],"version-history":[{"count":26,"href":"https:\/\/www.rosevo.se\/index.php?rest_route=\/wp\/v2\/pages\/64\/revisions"}],"predecessor-version":[{"id":484,"href":"https:\/\/www.rosevo.se\/index.php?rest_route=\/wp\/v2\/pages\/64\/revisions\/484"}],"wp:attachment":[{"href":"https:\/\/www.rosevo.se\/index.php?rest_route=%2Fwp%2Fv2%2Fmedia&parent=64"}],"curies":[{"name":"wp","href":"https:\/\/api.w.org\/{rel}","templated":true}]}}