{"id":488,"date":"2025-06-27T18:15:24","date_gmt":"2025-06-27T16:15:24","guid":{"rendered":"http:\/\/www.rosevo.se\/?page_id=488"},"modified":"2025-08-20T16:10:57","modified_gmt":"2025-08-20T14:10:57","slug":"forlagsverksamhet","status":"publish","type":"page","link":"https:\/\/www.rosevo.se\/?page_id=488","title":{"rendered":"F\u00f6rlagsverksamhet"},"content":{"rendered":"\n<p>I v\u00e5r f\u00f6rlagsverksamhet ger vi fr\u00e4mst ut b\u00f6cker som vi (Lasse och Karin) \u00e4r f\u00f6rfattare till.<br>&#8211; F\u00f6retag best\u00e4ller b\u00f6cker med ISBN-nummer nedan fr\u00e5n oss till F-pris eller via andra kanaler.<br>&#8211; Privatpersoner k\u00f6per b\u00f6cker med ISBN-nummer nedan fr\u00e5n oss till angivet pris inkl moms + frakt <br> eller fr\u00e5n bokhandel eller andra kanaler till deras kundpris.<br>&#8211; Privatpersoner k\u00f6per \u00f6vriga b\u00f6cker fr\u00e5n oss till angivet pris inkl moms + frakt.<\/p>\n\n\n\n<p>Best\u00e4llning g\u00f6rs via e-post till info@rosevo.se <br>Vi har f\u00f6ljande b\u00f6cker till f\u00f6rs\u00e4ljning:<\/p>\n\n\n\n<p><strong>T\u00e4rningen \u00e4r i luften (Lars Rosig)<\/strong><br><img loading=\"lazy\" decoding=\"async\" width=\"150\" height=\"203\" class=\"wp-image-495\" style=\"width: 150px;\" src=\"http:\/\/www.rosevo.se\/wp-content\/uploads\/2025\/07\/Framsida-Tarningen.jpg\" alt=\"\" srcset=\"https:\/\/www.rosevo.se\/wp-content\/uploads\/2025\/07\/Framsida-Tarningen.jpg 781w, https:\/\/www.rosevo.se\/wp-content\/uploads\/2025\/07\/Framsida-Tarningen-222x300.jpg 222w, https:\/\/www.rosevo.se\/wp-content\/uploads\/2025\/07\/Framsida-Tarningen-758x1024.jpg 758w, https:\/\/www.rosevo.se\/wp-content\/uploads\/2025\/07\/Framsida-Tarningen-768x1037.jpg 768w\" sizes=\"auto, (max-width: 150px) 100vw, 150px\" \/><\/p>\n\n\n\n<p>En roman och debattbok om klimatkrisen <\/p>\n\n\n\n<p>ISBN: 978-91-531-4611-7 F-pris: 100 kr<br>Privatperson, pris 212 + frakt 53 kr<\/p>\n\n\n\n<p><strong>Krisen i \u00e4ldreomsorgen (Lasse Pedersson)<\/strong><br><img loading=\"lazy\" decoding=\"async\" width=\"150\" height=\"216\" class=\"wp-image-513\" style=\"width: 150px;\" src=\"http:\/\/www.rosevo.se\/wp-content\/uploads\/2025\/08\/Bild-Krisen-i-AO-scaled.jpg\" alt=\"\" srcset=\"https:\/\/www.rosevo.se\/wp-content\/uploads\/2025\/08\/Bild-Krisen-i-AO-scaled.jpg 1781w, https:\/\/www.rosevo.se\/wp-content\/uploads\/2025\/08\/Bild-Krisen-i-AO-209x300.jpg 209w, https:\/\/www.rosevo.se\/wp-content\/uploads\/2025\/08\/Bild-Krisen-i-AO-712x1024.jpg 712w, https:\/\/www.rosevo.se\/wp-content\/uploads\/2025\/08\/Bild-Krisen-i-AO-768x1104.jpg 768w, https:\/\/www.rosevo.se\/wp-content\/uploads\/2025\/08\/Bild-Krisen-i-AO-1069x1536.jpg 1069w, https:\/\/www.rosevo.se\/wp-content\/uploads\/2025\/08\/Bild-Krisen-i-AO-1425x2048.jpg 1425w\" sizes=\"auto, (max-width: 150px) 100vw, 150px\" \/><\/p>\n\n\n\n<p>ISBN: 978-91-531-4610-0 F-pris: 150 kr<br>Privatperson, pris 212 + frakt 53 kr<\/p>\n\n\n\n<p><strong>Signe &#8211; min mormor (Karin Rosenberg)<\/strong><br>S\u00e4ljs bara till privatpersoner, pris 212 kr + frakt 53 kr<\/p>\n\n\n\n<p><strong>Leo &#8211; min farfar (Karin Rosenberg)<\/strong><br>S\u00e4ljs bara till privatpersoner, pris 159 kr + frakt 53 kr<\/p>\n\n\n\n<p><\/p>\n\n\n\n<p><a href=\"http:\/\/www.rosevo.se\/\">\u00c5TER TILL MENY<\/a><\/p>\n","protected":false},"excerpt":{"rendered":"<p>I v\u00e5r f\u00f6rlagsverksamhet ger vi fr\u00e4mst ut b\u00f6cker som vi (Lasse och Karin) \u00e4r f\u00f6rfattare till.&#8211; F\u00f6retag best\u00e4ller b\u00f6cker med ISBN-nummer nedan fr\u00e5n oss till F-pris eller via andra kanaler.&#8211; Privatpersoner k\u00f6per b\u00f6cker med ISBN-nummer nedan fr\u00e5n oss till angivet &hellip; <a href=\"https:\/\/www.rosevo.se\/?page_id=488\">Forts\u00e4tt l\u00e4sa <span class=\"meta-nav\">&rarr;<\/span><\/a><\/p>\n","protected":false},"author":1,"featured_media":0,"parent":0,"menu_order":0,"comment_status":"closed","ping_status":"closed","template":"","meta":{"footnotes":""},"class_list":["post-488","page","type-page","status-publish","hentry"],"_links":{"self":[{"href":"https:\/\/www.rosevo.se\/index.php?rest_route=\/wp\/v2\/pages\/488","targetHints":{"allow":["GET"]}}],"collection":[{"href":"https:\/\/www.rosevo.se\/index.php?rest_route=\/wp\/v2\/pages"}],"about":[{"href":"https:\/\/www.rosevo.se\/index.php?rest_route=\/wp\/v2\/types\/page"}],"author":[{"embeddable":true,"href":"https:\/\/www.rosevo.se\/index.php?rest_route=\/wp\/v2\/users\/1"}],"replies":[{"embeddable":true,"href":"https:\/\/www.rosevo.se\/index.php?rest_route=%2Fwp%2Fv2%2Fcomments&post=488"}],"version-history":[{"count":11,"href":"https:\/\/www.rosevo.se\/index.php?rest_route=\/wp\/v2\/pages\/488\/revisions"}],"predecessor-version":[{"id":514,"href":"https:\/\/www.rosevo.se\/index.php?rest_route=\/wp\/v2\/pages\/488\/revisions\/514"}],"wp:attachment":[{"href":"https:\/\/www.rosevo.se\/index.php?rest_route=%2Fwp%2Fv2%2Fmedia&parent=488"}],"curies":[{"name":"wp","href":"https:\/\/api.w.org\/{rel}","templated":true}]}}